
3085
Calculate the remainder when 2585965 is divided by 517187.
30
What is the remainder when 214971 is divided by 711?
249
What is the remainder when 292863 is divided by 416?
415
What is the remainder when 1269310 is divided by 349?
346
Calculate the remainder when 158579 is divided by 51401.
4376
What is the remainder when 239959 is divided by 3329?
271
What is the remainder when 956556 is divided by 3157?
3142
Calculate the remainder when 1323683 is divided by 417.
125
Calculate the remainder when 12981156 is divided by 180292.
132
What is the remainder when 776371 is divided by 3?
1
What is the remainder when 12071260 is divided by 90?
10
Calculate the remainder when 50843894 is divided by 2311086.
2
Calculate the remainder when 268267 is divided by 1531.
342
What is the remainder when 145588 is divided by 4273?
306
What is the remainder when 171932735 is divided by 24?
23
Calculate the remainder when 442637 is divided by 20993.
1784
What is the remainder when 486159 is divided by 121538?
7
What is the remainder when 5402738 is divided by 415594?
16
Calculate the remainder when 504957 is divided by 252254.
449
What is the remainder when 25333283 is divided by 143938?
195
Calculate the remainder when 159566 is divided by 29672.
11206
Calculate the remainder when 4679977 is divided by 61.
57
What is the remainder when 18201852 is divided by 59?
57
Calculate the remainder when 5756858 is divided by 1020.
998
What is the remainder when 34167596 is divided by 164?
0
Calculate the remainder when 722029 is divided by 48131.
64
Calculate the remainder when 803382 is divided by 731.
13
What is the remainder when 1004676 is divided by 2915?
1916
Calculate the remainder when 83052 is divided by 9220.
72
Calculate the remainder when 990913 is divided by 110101.
4
What is the remainder when 754075 is divided by 3678?
85
Calculate the remainder when 9893033 is divided by 38796.
53
Calculate the remainder when 622415 is divided by 36576.
623
Calculate the remainder when 4041 is divided by 51.
12
What is the remainder when 25452497 is divided by 6?
5
Calculate the remainder when 631357399 is divided by 13.
10
Calculate the remainder when 33799318 is divided by 368.
358
Calculate the remainder when 267045 is divided by 1069.
864
Calculate the remainder when 67903 is divided by 672.
31
What is the remainder when 32173462 is divided by 4903?
4879
Calculate the remainder when 43850 is divided by 644.
58
What is the remainder when 18140 is divided by 8888?
364
Calculate the remainder when 2307495 is divided by 1250.
1245
What is the remainder when 557573 is divided by 1625?
198
What is the remainder when 37061469 is divided by 1197?
1152
What is the remainder when 913692 is divided by 40?
12
Calculate the remainder when 3623248 is divided by 1894.
26
What is the remainder when 4100651 is divided by 532?
527
What is the remainder when 206411 is divided by 206326?
85
What is the remainder when 67274882 is divided by 32?
2
Calculate the remainder when 586969 is divided by 45151.
6
Calculate the remainder when 26770934 is divided by 2182.
2158
What is the remainder when 6424528 is divided by 1393?
12
Calculate the remainder when 37305875 is divided by 10015.
0
What is the remainder when 64025720 is divided by 640257?
20
What is the remainder when 240132807 is divided by 5006?
4999
Calculate the remainder when 381363 is divided by 2846.
2845
What is the remainder when 3746116 is divided by 630?
136
Calculate the remainder when 996371 is divided by 2229.
8
Calculate the remainder when 176223 is divided by 531.
462
Calculate the remainder when 19596823 is divided by 3317.
3304
What is the remainder when 82743539 is divided by 4245?
4244
Calculate the remainder when 149992363 is divided by 74996181.
1
Calculate the remainder when 596066 is divided by 1074.
1070
What is the remainder when 78220 is divided by 78209?
11
Calculate the remainder when 12922030 is divided by 1343.
1027
What is the remainder when 3109517 is divided by 14737?
10
Calculate the remainder when 240625 is divided by 1089.
1045
Calculate the remainder when 1697194 is divided by 4070.
4
What is the remainder when 4087227 is divided by 2304?
2235
Calculate the remainder when 319636 is divided by 63913.
71
Calculate the remainder when 402704 is divided by 2854.
290
Calculate the remainder when 560543 is divided by 9834.
5
What is the remainder when 61123 is divided by 30401?
321
What is the remainder when 52735872 is divided by 2273?
2272
Calculate the remainder when 248894 is divided by 81948.
3050
Calculate the remainder when 138798 is divided by 5779.
102
Calculate the remainder when 14862641 is divided by 21.
17
What is the remainder when 557353629 is divided by 5153?
5149
What is the remainder when 930915 is divided by 3665?
5
What is the remainder when 63239 is divided by 1406?
1375
What is the remainder when 3491286 is divided by 436386?
198
What is the remainder when 4648865 is divided by 292?
225
Calculate the remainder when 7305120 is divided by 1826280.
0
What is the remainder when 219278 is divided by 12169?
236
Calculate the remainder when 7938544 is divided by 52573.
21
What is the remainder when 1402361 is divided by 338?
337
What is the remainder when 24259 is divided by 37?
24
Calculate the remainder when 841824 is divided by 167451.
4569
What is the remainder when 88457999 is divided by 164?
7
Calculate the remainder when 596816 is divided by 9.
8
What is the remainder when 406336 is divided by 405222?
1114
What is the remainder when 10945427 is divided by 5472708?
11
What is the remainder when 2314587 is divided by 2314527?
60
Calculate the remainder when 234917757 is divided by 58729437.
9
What is the remainder when 317278570 is divided by 507?
505
Calculate the remainder when 29293438 is divided by 26.
18
What is the remainder when 195740876 is divided by 214?
212
What is the remainder when 325145 is divided by 162547?
51
What is the remainder when 373645 is divided by 26?
25
What is the remainder when 1788172 is divided by 85151?
1
What is the remainder when 401423 is divided by 6216?
3599
What is the remainder when 749859 is divided by 22053?
57
What is the remainder when 764994 is divided by 254934?
192
Calculate the remainder when 17639365 is divided by 19.
12
What is the remainder when 1103126 is divided by 110310?
26
What is the remainder when 39088 is divided by 1942?
248
What is the remainder when 366079 is divided by 128?
127
What is the remainder when 346159 is divided by 794?
769
What is the remainder when 67088 is divided by 8308?
624
Calculate the remainder when 32813756 is divided by 24.
20
What is the remainder when 57925 is divided by 28363?
1199
What is the remainder when 7510 is divided by 7127?
383
Calculate the remainder when 299404 is divided by 99590.
634
What is the remainder when 138471 is divided by 78?
21
Calculate the remainder when 1533240472 is divided by 337.
334
What is the remainder when 29410 is divided by 673?
471
Calculate the remainder when 86746 is divided by 86735.
11
What is the remainder when 14121863 is divided by 558?
557
Calculate the remainder when 4141282 is divided by 12216.
58
Calculate the remainder when 153463 is divided by 3745.
3663
What is the remainder when 890618 is divided by 9277?
26
What is the remainder when 162827 is divided by 11614?
231
Calculate the remainder when 991889 is divided by 3567.
263
Calculate the remainder when 73983 is divided by 73959.
24
What is the remainder when 110894540 is divided by 597?
596
Calculate the remainder when 133823279 is divided by 355.
349
Calculate the remainder when 1203387 is divided by 601632.
123
What is the remainder when 465915 is divided by 7513?
109
Calculate the remainder when 133719642 is divided by 4467.
4464
What is the remainder when 295419 is divided by 41611?
4142
Calculate the remainder when 1358327 is divided by 271661.
22
Calculate the remainder when 156352 is divided by 38538.
2200
What is the remainder when 1725334 is divided by 431315?
74
What is the remainder when 6777732 is divided by 4684?
4668
Calculate the remainder when 597415 is divided by 21.
7
Calculate the remainder when 131235 is divided by 7.
6
Calculate the remainder when 115697771 is divided by 3